{"id":123,"date":"2023-04-26T21:14:28","date_gmt":"2023-04-26T21:14:28","guid":{"rendered":"https:\/\/adamoliam.se\/?page_id=123"},"modified":"2023-04-26T21:46:56","modified_gmt":"2023-04-26T21:46:56","slug":"gifts","status":"publish","type":"page","link":"https:\/\/adamoliam.se\/index.php\/gifts\/","title":{"rendered":"Gifts"},"content":{"rendered":"\n<p>The most important thing to us is that you are able to be with us on our day. However, if you wish to give, we will gratefully accept a small contribution towards our honeymoon.<\/p>\n\n\n\n<p><\/p>\n\n\n\n<p>F\u00f6r er som bor i Sverige finns m\u00f6jlighet att swisha g\u00e5van under br\u00f6llopsdagen.<\/p>\n\n\n\n<figure class=\"wp-block-image aligncenter size-full is-resized\"><img loading=\"lazy\" decoding=\"async\" src=\"https:\/\/adamoliam.se\/wp-content\/uploads\/2023\/04\/family-honeymoon-barbados.jpg\" alt=\"\" class=\"wp-image-125\" width=\"485\" height=\"323\" srcset=\"https:\/\/adamoliam.se\/wp-content\/uploads\/2023\/04\/family-honeymoon-barbados.jpg 620w, https:\/\/adamoliam.se\/wp-content\/uploads\/2023\/04\/family-honeymoon-barbados-300x200.jpg 300w\" sizes=\"auto, (max-width: 485px) 100vw, 485px\" \/><\/figure>\n","protected":false},"excerpt":{"rendered":"<p>The most important thing to us is that you are able to be with us on our day. However, if you wish to give, we will gratefully accept a small contribution towards our honeymoon. F\u00f6r er som bor i Sverige finns m\u00f6jlighet att swisha g\u00e5van under br\u00f6llopsdagen.<\/p>\n","protected":false},"author":2,"featured_media":0,"parent":0,"menu_order":0,"comment_status":"closed","ping_status":"closed","template":"","meta":{"site-sidebar-layout":"default","site-content-layout":"default","ast-global-header-display":"","ast-main-header-display":"","ast-hfb-above-header-display":"","ast-hfb-below-header-display":"","ast-hfb-mobile-header-display":"","site-post-title":"","ast-breadcrumbs-content":"","ast-featured-img":"","footer-sml-layout":"","theme-transparent-header-meta":"","adv-header-id-meta":"","stick-header-meta":"","header-above-stick-meta":"","header-main-stick-meta":"","header-below-stick-meta":"","footnotes":""},"class_list":["post-123","page","type-page","status-publish","hentry"],"_links":{"self":[{"href":"https:\/\/adamoliam.se\/index.php\/wp-json\/wp\/v2\/pages\/123","targetHints":{"allow":["GET"]}}],"collection":[{"href":"https:\/\/adamoliam.se\/index.php\/wp-json\/wp\/v2\/pages"}],"about":[{"href":"https:\/\/adamoliam.se\/index.php\/wp-json\/wp\/v2\/types\/page"}],"author":[{"embeddable":true,"href":"https:\/\/adamoliam.se\/index.php\/wp-json\/wp\/v2\/users\/2"}],"replies":[{"embeddable":true,"href":"https:\/\/adamoliam.se\/index.php\/wp-json\/wp\/v2\/comments?post=123"}],"version-history":[{"count":5,"href":"https:\/\/adamoliam.se\/index.php\/wp-json\/wp\/v2\/pages\/123\/revisions"}],"predecessor-version":[{"id":136,"href":"https:\/\/adamoliam.se\/index.php\/wp-json\/wp\/v2\/pages\/123\/revisions\/136"}],"wp:attachment":[{"href":"https:\/\/adamoliam.se\/index.php\/wp-json\/wp\/v2\/media?parent=123"}],"curies":[{"name":"wp","href":"https:\/\/api.w.org\/{rel}","templated":true}]}}