{"id":111,"date":"2023-04-26T20:57:29","date_gmt":"2023-04-26T20:57:29","guid":{"rendered":"https:\/\/adamoliam.se\/?page_id=111"},"modified":"2023-04-26T21:24:07","modified_gmt":"2023-04-26T21:24:07","slug":"menu","status":"publish","type":"page","link":"https:\/\/adamoliam.se\/index.php\/menu\/","title":{"rendered":"Menu"},"content":{"rendered":"\n<p>A three-course set menu will be served during the wedding reception. All dietary requirements listed on RSVP have been noted and dishes will be adjusted\/replaced in accordance.<\/p>\n\n\n\n<div class=\"wp-block-columns alignwide are-vertically-aligned-center is-layout-flex wp-container-core-columns-is-layout-28f84493 wp-block-columns-is-layout-flex\">\n<div class=\"wp-block-column is-vertically-aligned-center is-layout-flow wp-block-column-is-layout-flow\" style=\"flex-basis:100%\">\n<pre class=\"wp-block-verse has-text-align-center\"><strong>Starter<\/strong>\nLangoustine soup, \ntruffle cream, \nV\u00e4sterbotten cheese toast\n\n\n<strong>F\u00f6rr\u00e4tt<\/strong>\nHavskr\u00e4ftsoppa,\ntryffelkr\u00e4m, v\u00e4sterbottentoast<\/pre>\n<\/div>\n\n\n\n<div class=\"wp-block-column is-vertically-aligned-center is-layout-flow wp-block-column-is-layout-flow\" style=\"flex-basis:100%\">\n<pre class=\"wp-block-verse has-text-align-center\"><strong>Main <\/strong>\nVenison tenderloin, \nroot vegetable pur\u00e9e,\n spinach with smoked bacon, \ntruffle jus &amp; potato gratin with gruy\u00e8re\n\n<strong>Huvudr\u00e4tt<\/strong>\nHjorttenderstrip, rotfruktspur\u00e9\np\u00e5 en b\u00e4dd av spenat &amp; r\u00f6kt sidfl\u00e4sk, tryffelsky, potatisgrat\u00e4ng\ntoppad med gruy\u00e8re<\/pre>\n<\/div>\n\n\n\n<div class=\"wp-block-column is-vertically-aligned-center is-layout-flow wp-block-column-is-layout-flow\" style=\"flex-basis:100%\">\n<pre class=\"wp-block-verse has-text-align-center\"><strong>Dessert <\/strong>\nPassionfruit cheesecake, \ndark chocolate \n&amp; raspberry\n\n<strong>Efterr\u00e4tt<\/strong>\nPassionsfruktscheescake, chokladinspiration, hallon<\/pre>\n<\/div>\n<\/div>\n\n\n\n<p><\/p>\n\n\n\n<p>Wine will be served with dinner and additional beverages will be available for purchase at the bar. <\/p>\n\n\n\n<p><\/p>\n\n\n\n<p><em>Please note the bar will be <strong>cash-free<\/strong>.<\/em> <em>Only payments via card accepted. <\/em><\/p>\n","protected":false},"excerpt":{"rendered":"<p>A three-course set menu will be served during the wedding reception. All dietary requirements listed on RSVP have been noted and dishes will be adjusted\/replaced in accordance. Starter Langoustine soup, truffle cream, V\u00e4sterbotten cheese toast F\u00f6rr\u00e4tt Havskr\u00e4ftsoppa, tryffelkr\u00e4m, v\u00e4sterbottentoast Main Venison tenderloin, root vegetable pur\u00e9e, spinach with smoked bacon, truffle jus &amp; potato gratin with &hellip;<\/p>\n<p class=\"read-more\"> <a class=\"\" href=\"https:\/\/adamoliam.se\/index.php\/menu\/\"> <span class=\"screen-reader-text\">Menu<\/span> Read More &raquo;<\/a><\/p>\n","protected":false},"author":2,"featured_media":0,"parent":0,"menu_order":0,"comment_status":"closed","ping_status":"closed","template":"","meta":{"site-sidebar-layout":"default","site-content-layout":"default","ast-global-header-display":"","ast-main-header-display":"","ast-hfb-above-header-display":"","ast-hfb-below-header-display":"","ast-hfb-mobile-header-display":"","site-post-title":"","ast-breadcrumbs-content":"","ast-featured-img":"","footer-sml-layout":"","theme-transparent-header-meta":"","adv-header-id-meta":"","stick-header-meta":"","header-above-stick-meta":"","header-main-stick-meta":"","header-below-stick-meta":"","footnotes":""},"class_list":["post-111","page","type-page","status-publish","hentry"],"_links":{"self":[{"href":"https:\/\/adamoliam.se\/index.php\/wp-json\/wp\/v2\/pages\/111","targetHints":{"allow":["GET"]}}],"collection":[{"href":"https:\/\/adamoliam.se\/index.php\/wp-json\/wp\/v2\/pages"}],"about":[{"href":"https:\/\/adamoliam.se\/index.php\/wp-json\/wp\/v2\/types\/page"}],"author":[{"embeddable":true,"href":"https:\/\/adamoliam.se\/index.php\/wp-json\/wp\/v2\/users\/2"}],"replies":[{"embeddable":true,"href":"https:\/\/adamoliam.se\/index.php\/wp-json\/wp\/v2\/comments?post=111"}],"version-history":[{"count":9,"href":"https:\/\/adamoliam.se\/index.php\/wp-json\/wp\/v2\/pages\/111\/revisions"}],"predecessor-version":[{"id":128,"href":"https:\/\/adamoliam.se\/index.php\/wp-json\/wp\/v2\/pages\/111\/revisions\/128"}],"wp:attachment":[{"href":"https:\/\/adamoliam.se\/index.php\/wp-json\/wp\/v2\/media?parent=111"}],"curies":[{"name":"wp","href":"https:\/\/api.w.org\/{rel}","templated":true}]}}